 274 and a.
2
Let a = -19 - -22. Let n be 2*a/(1 - -2). Let o be ((-40)/10)/(-2 + 0). What is the highest common factor of o and n?
2
Let i = -184 + 338. Suppose 0 = 5*q + 15, q + 3*q - 2 = -s. Calculate the highest common divisor of i and s.
14
Let t be ((-9)/6)/((-6)/16). Suppose 0 = -4*g - 4*n + 376, 4*n - t = 3*n. Calculate the highest common divisor of g and 10.
10
Let p(n) = -3*n**2 - 1054 + 4*n + 1059 + 2*n**2. Let v be p(4). What is the highest common factor of 55 and v?
5
Let m be ((-2)/3)/(4/(-288)). Let a = 389 - 381. What is the greatest common factor of m and a?
8
Let z = -93 - -210. Let n(q) = -q**3 - q**2 - q + 65. Let c be n(0). Suppose 2*k = -3*k + c. Calculate the greatest common divisor of z and k.
13
Let x(f) = 3*f + 7. Let r be x(-8). Let u = 9 + r. Let n be (u/10)/((-6)/405). Calculate the greatest common factor of n and 18.
18
Let z = -338 + 356. Calculate the greatest common factor of 414 and z.
18
Let s be (-53)/(-4) + 1/(-4). Suppose s*m - 18*m + 5 = 0. Let t = m + 39. What is the highest common factor of t and 20?
20
Let v = 39 - 35. Suppose -v*a - 2*m + 112 = 0, 84 = 4*a - a + 4*m. Calculate the highest common divisor of a and 7.
7
Let s be 40/(-14)*(8 + (-138)/12). What is the greatest common factor of s and 410?
10
Let w(y) = 32*y + 519. Let a be w(-16). Calculate the highest common divisor of 7 and a.
7
Suppose i + 154 = 5*o - 420, 0 = -5*o - 3*i + 578. Calculate the highest common divisor of o and 10.
5
Let k be (1 + -4 + 18)*(-1 - -57). Calculate the greatest common divisor of k and 720.
120
Suppose 5*t + 8 = t. Let q be (4/8)/(t/(-32)). Calculate the highest common divisor of q and 56.
8
Suppose 0 = -2*x - s - 0*s + 421, 3*s = 4*x - 827. What is the highest common factor of x and 247?
19
Suppose -5*c + 8*c = 48. Suppose 2*g - c = -2*t, 3*t - 6*t = -5*g + 56. Let q be (-60)/8*(-4)/3. What is the greatest common divisor of q and g?
10
Let l = 181 + -45. Let m(t) = 11*t - 21. Let o be m(5). What is the greatest common divisor of o and l?
34
Suppose -22*h + 1948 + 5136 = 0. What is the greatest common divisor of h and 23?
23
Let x = -153 + 265. Suppose -3*c = -4*c - 5*o + 39, -o - 51 = -4*c. Calculate the greatest common divisor of x and c.
14
Suppose -4*k + 135 = -2*k - 5*o, o - 50 = -k. Suppose -3*q + 1 = 4. Let s = q - -6. Calculate the highest common factor of k and s.
5
Suppose -2*d = -6*d + 3*j + 10080, -2*j + 12600 = 5*d. What is the highest common factor of 15 and d?
15
Let c = -393 + 525. Calculate the highest common factor of c and 110.
22
Suppose -3*v + 210 = -0*v. Let y(d) = d**2 + 2*d - 8. Let k be y(6). Suppose -k = -q - 4*c, -q = 3*c - 53 + 16. What is the highest common divisor of q and v?
14
Let h be 850/510 + 1238/6. What is the highest common factor of h and 16?
16
Let u = 1730 + -1667. What is the greatest common divisor of 119 and u?
7
Let d be (342/152)/(10/8 - 1). Suppose -2*z - 2*z + 2*m + 140 = 0, -z - m = -38. Calculate the greatest common divisor of z and d.
9
Suppose 69*j = 443 + 7630. What is the greatest common divisor of j and 65?
13
Suppose -27*u = -34*u + 175. Suppose -5*j + 46 + 204 = 0. Calculate the greatest common factor of u and j.
25
Let u be 2*(1 - 0) + 268. Suppose 11*g + u = 17*g. What is the greatest common factor of g and 15?
15
Let h = 53 - 50. Suppose s - 4*j - 172 = -2*s, 66 = s + h*j. What is the greatest common factor of s and 24?
12
Suppose -o = 120 - 148. Suppose -262 = -2*i + 76. Suppose -1 = 4*u - i. Calculate the highest common factor of o and u.
14
Let i(f) be the first derivative of f**3/3 - 3*f**2/2 + 7*f + 4. Let b be i(4). What is the greatest common factor of 11 and b?
11
Let w(o) = 8*o + 17. Let k(v) = -17*v - 35. Let n(h) = -3*k(h) - 5*w(h). Let d be n(15). What is the highest common divisor of 37 and d?
37
Let a(l) = -2*l**2 - 60*l + 28. Let w be a(-30). Suppose 29*b = w*b + 112. Let f be (1*30)/2 - 1. What is the greatest common divisor of f and b?
14
Let w(d) = -d**3 - d + 19. Let s be w(0). Suppose s = -5*k + 64. Let j = -137 + 200. What is the greatest common factor of j and k?
9
Let q = 13 - 13. Suppose 6*u - u - 440 = q. Let w = u + -25. Calculate the highest common divisor of 42 and w.
21
Let z = -12 - -94. Let s = 95 - z. Calculate the greatest common divisor of s and 65.
13
Let v(k) = -19*k**3 - k**2 + 3*k. Let b be v(-3). Calculate the greatest common factor of b and 45.
45
Let w(j) = 3*j**3 + 2*j**2 - 2*j. Let y be w(4). Let q = -382 + 409. What is the greatest common divisor of y and q?
27
Suppose -4*a + 5*m = -770, -4*m + 0*m - 388 = -2*a. Let u be (14/(-35))/((-2)/a). Suppose 4*n - 3*n = u. What is the highest common divisor of n and 57?
19
Let d be 1*1/((-4)/(-16)). Suppose 0 = -4*w + q + 171, 2*w = -2*q + 3*q + 83. Calculate the greatest common divisor of w and d.
4
Let b = -15 - -38. Let n(k) = 23*k + 2. Let r(t) = -253*t - 23. Let j(a) = -23*n(a) - 2*r(a). Let u be j(-4). Calculate the highest common factor of u and b.
23
Suppose -500 = -22*y + 12*y. Let o = y + -36. What is the highest common divisor of o and 238?
14
Let j be 79/7 + (-2)/7. Let r be -4 + 2/1 - (17 + -41). What is the greatest common factor of r and j?
11
Suppose 0*j + 24 = -4*j. Let g(f) = -f - 2. Let r be g(j). Suppose -3*i + 21 = r*s, -i - 3*i = -4*s. What is the greatest common factor of s and 9?
3
Let z(p) = -3*p**3 + 2*p**2 + p + 64. Let u be z(0). What is the greatest common divisor of 448 and u?
64
Suppose -l - 2*w + 42 = 9, 4*l - w - 123 = 0. Calculate the highest common factor of l and 496.
31
Let y be ((-2)/(-6))/(1/9). Suppose 5*h = 15, -y*n = -3*h - 8 - 61. Calculate the highest common divisor of 39 and n.
13
Let w(a) = 49*a - 28. Let y be w(1). Calculate the greatest common divisor of 672 and y.
21
Let c(a) = -4*a + 216. Let z be c(-27). What is the highest common factor of z and 4?
4
Suppose 0 = 6*g - 2*g + 48. Let r(x) = x. Let d be r(g). Let n be 113 - 4/(d/(-9)). Calculate the highest common factor of 10 and n.
10
Let a(c) = 2*c + 3. Let u be a(0). Suppose -4*q + 44 = -z, -4*q + 40 = z - u*z. Calculate the greatest common divisor of 132 and q.
12
Let a be 13/(-3 + 4/28*20). Let i = -61 - a. Calculate the highest common factor of 6 and i.
6
Suppose 2*h - 748 = 4*j - 9*j, 0 = -4*j + 5*h + 605. Let g(u) = 6*u + 12. Let o be g(8). What is the greatest common divisor of o and j?
30
Let d = 852 - 823. What is the greatest common factor of d and 232?
29
Suppose 0 = q - 5*h + 77, 0 = 3*q - h - 0*h + 231. Let r = q + 89. What is the highest common factor of 3 and r?
3
Let q = -18 - -32. Let n(x) = -2*x**2 - 17*x - 7. Let m be n(-7). Calculate the greatest common divisor of q and m.
14
Suppose -n - 13 = -18, 28 = 2*w + 4*n. What is the highest common divisor of w and 68?
4
Let z(d) = -d**3 + 6*d**2 - 2*d - 12. Let a be z(-4). What is the greatest common factor of 36 and a?
12
Let o be 17/34*(43 + -1). Calculate the greatest common factor of 357 and o.
21
Suppose -3*l + 4632 = 3*b, l - 3*b - 841 = 707. Calculate the highest common divisor of 15 and l.
15
Let v = 72 + -44. Let g(j) = -j**2 + 13*j + 16. Let z be g(12). Calculate the highest common factor of v and z.
28
Let h = 17 + 51. Let a = h - 44. Let d(l) = -6*l**2 + 31*l + 11. Let u be d(5). What is the highest common divisor of a and u?
8
Let m = 1567 - 1468. Calculate the greatest common divisor of m and 81.
9
Suppose r + r = -5*s + 33, -5*s + 4*r = -9. Let i be 45/51 + (-4)/(-34) - -64. What is the highest common divisor of s and i?
5
Let v = 4 + -8. Let l(n) = -3*n - 2. Let c be l(v). Let s be (-1)/(-3) - (-357)/9. Calculate the greatest common divisor of s and c.
10
Let g be 17/(-34)*-2*4. Suppose -17 = -3*v + 5*q, 0 = -2*v + g*q - 2*q + 14. Suppose 7*r = v*r - 52. What is the highest common divisor of r and 39?
13
Suppose 5*r - 315 + 45 = 0. Calculate the highest common divisor of r and 4.
2
Suppose 3 = 4*z + 19. Let t(m) = -m**3 - 2*m**2 + 8. Let u be t(z). Calculate the greatest common divisor of u and 10.
10
Let s be 4*(2 - 20/16) - -195. Suppose 4*f - p - 437 - s = 0, -2*p - 790 = -5*f. What is the highest common factor of 20 and f?
20
Let g = 2038 - 2035. Let u(m) = -m**3 - 3*m**2 - m + 1. Let z be u(-4). What is the highest common factor of z and g?
3
Suppose 53*u + 50518 = 120*u. What is t